5*k - 30 = -0*k. Let p be (2/(-4)*-1)/(l/70). What are the prime factors of d(p)?
2
Suppose 8*d = -5 + 29. Suppose -1167 = -d*y - 3*q, -228 = 4*y + 2*q - 1788. List the prime factors of y.
17, 23
Suppose -9 = -z + 3*l, 2*z = -2*z - 3*l + 36. List the prime factors of (150/z + -2)*(-2070)/(-20).
2, 3, 11, 23
Suppose -89 = -8*u + 7. What are the prime factors of 678 + u/(-8 - -6)?
2, 3, 7
Suppose -167*b - 79*b + 5322407 = 1796735. List the prime factors of b.
2, 3583
Let z(r) be the second derivative of r**5/20 - 5*r**4/3 - 8*r**3/3 + 22*r**2 + r + 104. What are the prime factors of z(23)?
3, 421
Suppose 4400 = -6*t + 17*t. Let z = -77 + t. List the prime factors of z.
17, 19
Let x be (11346/(-12) - 5) + (-1)/(-2). Let k = x - -244. What are the prime factors of 1/(-4) + 3/(-24)*k?
2, 11
Let m(x) = 5*x - 150. Let w be m(31). Suppose -3*t + 286 = -2*t - w*z, -758 = -3*t - 5*z. What are the prime factors of t?
3, 29
Suppose 38*z - 42*z - 16924 = -2*r, -r + z + 8459 = 0. What are the prime factors of r?
2, 7, 151
Suppose 0 = 2*s + s - 63. Suppose f + s = 4*f. Suppose -87 = -f*o + 347. What are the prime factors of o?
2, 31
Let q be -608 - -49 - (1 - 7). Let g = -458 - q. List the prime factors of g.
5, 19
Let k be (-2 - -4)/(7 - (0 + 6)). Suppose -k*l + 3*a = 25, 2*a - 5 = -3*a. Let h = 281 - l. What are the prime factors of h?
2, 73
Let c(m) = m**3 + 2*m**2 - 6*m + 2. Let z be c(6). Suppose 3*o = 2*d + z, 0 = 4*o - o. Let i = -23 - d. List the prime factors of i.
2, 13
Suppose -350 = -5*a - 3*q + 2018, 5*q - 478 = -a. Let f = -155 + a. What are the prime factors of f?
2, 3, 53
Let p = 374 - -89. Let z = -40 + p. List the prime factors of z.
3, 47
Let w(v) = -7*v**3 - 50*v**2 - 61*v + 112. Let p(q) = -3*q**3 - 25*q**2 - 30*q + 55. Let t(a) = 9*p(a) - 4*w(a). List the prime factors of t(26).
47
Let a(l) = 19*l + 4 + 19*l**3 - 44*l**3 + 23*l**3 + 2 - 5*l**2. What are the prime factors of a(-8)?
2, 3, 31
What are the prime factors of (2943 + 10)/(10/(-4) - -3)?
2, 2953
Let c(b) be the first derivative of b**4/4 + b**3/3 + b**2/2 + 3*b - 129. Suppose g - 3*j + 8 = 0, -2*j + 22 = 5*g - 6. List the prime factors of c(g).
3, 29
Let x be 8/20 - 4/10 - -232. Suppose x = -r + 457. List the prime factors of r.
3, 5
Let i be (5/((-25)/84))/(2/(-400)). Suppose 4*z + 5*m - 4511 = 0, -i = -31*z + 28*z + 4*m. List the prime factors of z.
2, 281
Suppose 1192 = k + 4*z, 330*k - 4*z - 4828 = 326*k. List the prime factors of k.
2, 7, 43
What are the prime factors of (1 - 0) + -1 + 50657 - (52 - 56)?
3, 13, 433
Let p = -1 + 3. Let z(u) = -3*u + 103. Let l be z(32). List the prime factors of 1158/14 + p/l.
83
Let u = 267 + -268. List the prime factors of 2 + -6 + (u - -439).
2, 7, 31
Suppose -875799 = 114*l - 31*l - 5233880. What are the prime factors of l?
7, 13, 577
Let m(c) = 104*c**2 - 41*c + 375. List the prime factors of m(13).
2, 3, 2903
List the prime factors of (-2652104)/(-78) - (-1 - 8/(-24)).
2, 3, 1889
Suppose -103*y + 186770 + 471862 = -58866. List the prime factors of y.
2, 3, 43
Let l = 5165 + 24325. What are the prime factors of l?
2, 3, 5, 983
Let f be 21/(-28) - (-45)/12. Let c be 2 - f - (-4 + 10). Let a = 37 - c. What are the prime factors of a?
2, 11
Suppose -z + 2*u = -0*u + 13, -4*z = 2*u + 52. Let f(t) = 6*t**2 - 12*t + 19. List the prime factors of f(z).
29, 41
Let r(j) = -495*j + 14. Let q be r(-2). Let f = -333 + q. List the prime factors of f.
11, 61
Suppose -8*l + 7*l = -3. Let o(v) = v**2 + 8*v + 10. Let s be o(-7). Suppose 95 = m - 2*k, -2*m - 92 = -l*m + s*k. List the prime factors of m.
101
Let w(k) = -k**3 - 12*k**2 - 32*k + 4. Let r be (4/6)/(3 + 628/(-210)). Let y be (r/21)/(2*(-2)/12). What are the prime factors of w(y)?
2, 31
Let f = 4437 - -938. What are the prime factors of f?
5, 43
Suppose 5*p + 5 + 5 = -f, 4*p = -2*f - 2. Suppose -m - 2201 = -3*q - 447, 0 = 2*q + f*m - 1158. What are the prime factors of q?
2, 73
Let n(v) = -v**3 + 9*v**2 + 11*v - 16. Suppose 5*q - 9 = 5*l - 24, 3*l + 4*q = 37. Let x be n(l). Suppose 261 = 15*p - x. List the prime factors of p.
2, 7
Suppose -1693 = -22*a + 1651. Suppose 42*y = 34*y + a. What are the prime factors of y?
19
Suppose -h = 5*p + 534, 2*h + 1023 = 7*p - 8*p. Let j = h + 730. List the prime factors of j.
13, 17
Let z(n) = -9*n - 3*n + 13 - 6 + 2*n**2 + 7. Let v be z(5). Suppose v*k + 41 = 553. What are the prime factors of k?
2
Let x(p) = 12*p + 28. Let n be x(-4). What are the prime factors of ((-70)/(-25))/((24/n)/(-6))?
2, 7
Let u = 124 + -51. Suppose 0 = 2*s - y - 47, y + 43 + u = 5*s. Suppose -21*t + s*t = 198. List the prime factors of t.
3, 11
Let v(n) be the third derivative of n**5/20 - 5*n**4/24 - 13*n**3/6 + 2*n**2. Let z(p) = 461*p - 3694. Let w be z(8). What are the prime factors of v(w)?
5
Suppose -6*s + 18550 = 44*s. Let d = 1365 - s. What are the prime factors of d?
2, 7, 71
Let w = 14222 + -14217. Suppose 4*z - n - 20 = -3*n, 3*n - 2 = z. Suppose z*i - 676 = -p, 6*i = i + w*p + 870. What are the prime factors of i?
2, 5, 17
Let t(p) = p**2 - p - 2. Let h be t(1). Let j be h - 1 - -83 - -5. What are the prime factors of (-87)/(-5) - (-51)/j?
2, 3
Let s(v) = v**3 - 12*v**2 + 12*v - 9. Let o be s(11). Let b(w) = w**3 - 6 - 16*w**o - 2*w**3 + 2*w**2 - 8*w + 31*w**2. What are the prime factors of b(16)?
2, 61
Let c(k) = -6*k + 2. Let f be c(0). Let y(p) = -p**3 + 5*p**2 + 8*p - 1. Let d be y(5). Suppose f*o = 183 + d. List the prime factors of o.
3, 37
Let s be (-2)/4 + (-252)/(-24). Suppose -2*l + 3*z + 630 = 0, 3*z + s + 2 = 0. List the prime factors of l.
3, 103
Let s be (-104)/78 - (-4)/3. Let t be 2 - -1 - (-3 - -4). Suppose s = -t*x - 0*x - 4*m + 182, 3*x = m + 259. What are the prime factors of x?
3, 29
Let s(o) = 9*o - 2. Let y be s(4). Suppose 2 = 4*b + 2*r, 2*b - 5*r = -3 + y. Suppose -b*j = 2*j + 5*t - 420, 2*j - 160 = 2*t. What are the prime factors of j?
2, 41
Let k = -1668 + 10236. Suppose 0 = -20*n - n + k. List the prime factors of n.
2, 3, 17
Suppose 19 = 11*z - 80. What are the prime factors of ((-30)/z)/((-6)/99)?
5, 11
Let u = 2612 - 1796. List the prime factors of u.
2, 3, 17
Suppose -3*q + 3*p = -21 - 51, -4*p = 4*q - 96. Suppose 19*g - q*g + 3810 = 0. List the prime factors of g.
2, 3, 127
Suppose 3*b - p = 3527 - 165, 0 = 3*b + 3*p - 3378. Let c = -640 + b. List the prime factors of c.
2, 241
Suppose 5*d - 4*r = -3*r + 38, 34 = 4*d + r. Let v be (d/(-6) + 1)/(2/(-30)). Let j(u) = u**3 - 2*u**2 + 6*u + 10. What are the prime factors of j(v)?
5, 23
Let a = 161 - 161. Suppose c - 5*n = 144 + 291, -5*c + 4*n + 2175 = a. What are the prime factors of c?
3, 5, 29
List the prime factors of 656/(-5)*-119 + 896/(-70) + 13.
13, 1201
Let r = -1288 + 3086. List the prime factors of r.
2, 29, 31
Let g = 30951 + -5956. List the prime factors of g.
5, 4999
Let j = 104 + -108. Let q(x) = -2*x**3 + 16*x**2 + 5. Let z be q(8). What are the prime factors of (-164)/(25/10*j/z)?
2, 41
Let r be (-13)/(78/(-154)) - (-2)/(-3). Suppose 29*g - 1500 = r*g. What are the prime factors of g?
3, 5
Let i be (7/(-21))/(1*3/(-45)). Suppose -i*o - j + 2085 = 568, -5*j - 319 = -o. What are the prime factors of o?
2, 19
Let w(u) = u**2 - 5. Let r be w(-3). Let o be (-3 + r)/((-1 + 3)/230). Suppose 0 = 4*v - 1 - o. List the prime factors of v.
29
Suppose 0 = 7*t - t - 12. Let o(y) = 7*y + t*y + 0*y + 17 + 2. List the prime factors of o(4).
5, 11
List the prime factors of (184129/(-17) - 152/(-1292))*-1.
10831
Let x = 212 - 207. Suppose 4*j = x*i + 25, 5*j - 5*i = 4*j - 5. What are the prime factors of j?
2, 5
Let d = -18156 - -46785. List the prime factors of d.
3, 3181
Let j = -273 + 501. Suppose 0 = -5*w + j - 1053. List the prime factors of -16 + 12 - (2 + w).
3, 53
Let k(v) = 2*v + 3. Let o(p) = 1. Let t(h) = -k(h) + 6*o(h). Let w be t(-3). Suppose w*a = 6*a + 138. What are the prime factors of a?
2, 23
Suppose 136129*f - 473088 = 136105*f. List the prime factors of f.
2, 7, 11
Let c(f) = -2 + 9 + 19*f - 6*f**2 - f**3 - 6*f**2. Let x be (18 + -4)/(-1 - 0). List the prime factors of c(x).
7, 19
Let h(n) = -2*n**2 + 15*n + 13. Let s be h(8). Suppose -6 = d + 2*d + 3*p, -s*p - 10 = 2*d. Suppose d = -8*x + 1269 + 243. List the prime factors of x.
3, 7
What are the prime factors of 